ase 8.
-12
What is -2 (base 10) in base 5?
-2
Convert -7 (base 12) to base 6.
-11
-1e (base 15) to base 6
-45
-11 (base 4) to base 3
-12
Convert -43 (base 8) to base 10.
-35
What is 0 (base 14) in base 5?
0
What is 7 (base 14) in base 11?
7
Convert -2012 (base 3) to base 4.
-323
1 (base 2) to base 6
1
Convert 3 (base 12) to base 5.
3
-22 (base 4) to base 11
-a
3 (base 6) to base 15
3
Convert 30 (base 11) to base 8.
41
Convert 32 (base 8) to base 15.
1b
Convert -10 (base 3) to base 13.
-3
3 (base 10) to base 14
3
What is 100 (base 4) in base 10?
16
What is 43 (base 11) in base 2?
101111
What is -10 (base 9) in base 15?
-9
267 (base 9) to base 16
df
What is 12 (base 3) in base 5?
10
0 (base 9) to base 14
0
10222 (base 3) to base 12
8b
Convert -3 (base 12) to base 5.
-3
-7 (base 8) to base 3
-21
55 (base 16) to base 5
320
-38 (base 9) to base 15
-25
Convert 52 (base 7) to base 12.
31
What is 18 (base 11) in base 13?
16
Convert -3230 (base 4) to base 15.
-10b
What is 1110 (base 2) in base 8?
16
-b (base 13) to base 8
-13
-11 (base 2) to base 12
-3
Convert -6 (base 12) to base 5.
-11
43 (base 10) to base 2
101011
Convert 3 (base 11) to base 12.
3
What is -13 (base 6) in base 10?
-9
Convert 10200 (base 3) to base 4.
1203
What is 32 (base 7) in base 5?
43
0 (base 11) to base 7
0
What is 7 (base 16) in base 2?
111
What is -231 (base 5) in base 10?
-66
-1 (base 2) to base 8
-1
What is -2 (base 9) in base 11?
-2
What is 24 (base 8) in base 12?
18
Convert 2 (base 3) to base 10.
2
10110 (base 2) to base 6
34
Convert -c (base 15) to base 3.
-110
-312 (base 7) to base 2
-10011100
What is 44 (base 5) in base 15?
19
11111 (base 2) to base 12
27
What is 2110 (base 3) in base 10?
66
What is -1 (base 3) in base 8?
-1
What is 30 (base 5) in base 8?
17
-2 (base 3) to base 8
-2
20 (base 7) to base 10
14
20 (base 6) to base 11
11
317 (base 9) to base 2
100000011
What is 1 (base 9) in base 6?
1
What is 31 (base 12) in base 3?
1101
3 (base 12) to base 6
3
What is 10010011 (base 2) in base 13?
b4
What is -3a (base 14) in base 6?
-124
What is 305 (base 7) in base 3?
12122
21 (base 9) to base 2
10011
Convert 111002 (base 3) to base 13.
212
What is 1 (base 9) in base 10?
1
What is -206 (base 10) in base 8?
-316
Convert -1c (base 16) to base 9.
-31
Convert -1000 (base 3) to base 4.
-123
-b (base 16) to base 5
-21
What is -164 (base 9) in base 11?
-117
What is -2 (base 15) in base 8?
-2
-1001110 (base 2) to base 15
-53
Convert 111 (base 3) to base 4.
31
10 (base 7) to base 9
7
Convert -124 (base 5) to base 12.
-33
66 (base 12) to base 6
210
Convert 100110 (base 2) to base 8.
46
What is -43 (base 9) in base 6?
-103
Convert 192 (base 13) to base 4.
10200
0 (base 6) to base 14
0
What is 1 (base 6) in base 2?
1
-50 (base 11) to base 7
-106
-2a (base 15) to base 16
-28
What is -45 (base 8) in base 4?
-211
2 (base 16) to base 14
2
1 (base 14) to base 5
1
What is 67 (base 10) in base 9?
74
Convert -5 (base 9) to base 6.
-5
Convert -2 (base 15) to base 7.
-2
11 (base 10) to base 2
1011
What is -100 (base 8) in base 11?
-59
Convert -5a (base 12) to base 9.
-77
-1 (base 7) to base 6
-1
What is -3 (base 14) in base 3?
-10
Convert 29 (base 12) to base 16.
21
Convert 11 (base 5) to base 2.
110
Convert 5 (base 15) to base 3.
12
Convert -122 (base 3) to base 14.
-13
What is 33 (base 4) in base 13?
12
-10 (base 5) to base 3
-12
-15 (base 13) to base 14
-14
What is 0 (base 14) in base 11?
0
-a7 (base 16) to base 2
-10100111
-23 (base 5) to base 10
-13
What is -5d (base 14) in base 12?
-6b
What is -9 (base 13) in base 12?
-9
Convert 37 (base 8) to base 16.
1f
Convert -5 (base 15) to base 16.
-5
-1 (base 6) to base 4
-1
e (base 16) to base 12
12
Convert 24 (base 7) to base 14.
14
What is 300 (base 6) in base 14?
7a
-2 (base 12) to base 6
-2
What is 21 (base 5) in base 9?
12
-2 (base 4) to base 13
-2
What is 4 (base 9) in base 15?
4
What is 3 (base 11) in base 3?
10
Convert 453 (base 6) to base 2.
10110001
What is 120 (base 4) in base 9?
26
4 (base 6) to base 5
4
1 (base 10) to base 16
1
136 (base 12) to base 3
20220
What is 21 (base 5) in base 14?
b
What is -11c (base 14) in base 3?
-22020
-1 (base 15) to base 10
-1
Convert 101 (base 4) to base 11.
16
-38 (base 11) to base 13
-32
What is 130 (base 11) in base 7?
310
What is 1112 (base 4) in base 14?
62
What is 111 (base 11) in base 13?
a3
9 (base 13) to base 5
14
Convert -3 (base 12) to base 8.
-3
44 (base 5) to base 2
11000
Convert -17 (base 12) to base 16.
-13
What is 6 (base 10) in base 9?
6
Convert -25 (base 11) to base 10.
-27
Convert a (base 14) to base 5.
20
Convert 17 (base 8) to base 13.
12
What is 14 (base 13) in base 9?
18
What is -131 (base 4) in base 14?
-21
Convert 102 (base 5) to base 15.
1c
What is 11111 (base 2) in base 12?
27
Convert -5 (base 16) to base 12.
-5
Convert -4 (base 6) to base 2.
-100
Convert -25 (base 10) to base 14.
-1b
Convert -1 (base 16) to base 13.
-1
Convert 82 (base 9) to base 6.
202
Convert -242 (base 10) to base 13.
-158
Convert 5 (base 12) to base 13.
5
Convert -58 (base 11) to base 14.
-47
Convert -101 (base 4) to base 13.
-14
What is -4 (base 7) in base 13?
-4
Convert -514 (base 7) to base 3.
-100111
26 (base 12) to base 3
1010
What is -245 (base 7) in base 16?
-83
Convert 23 (base 4) to base 16.
b
-12 (base 7) to base 10
-9
What is 16 (base 11) in base 8?
21
-61 (base 16) to base 15
-67
What is a (base 15) in base 2?
1010
What is -3 (base 8) in base 2?
-11
Convert -17 (base 16) to base 7.
-32
Convert 2 (base 4) to base 16.
2
15 (base 11) to base 7
22
What is 0 (base 15) in base 5?
0
Convert 1 (base 3) to base 9.
1
Convert -14 (base 13) to base 11.
-16
What is 1 (base 14) in base 12?
1
-1 (base 2) to base 9
-1
2 (base 11) to base 5
2
0 (base 6) to base 10
0
What is -1101 (base 2) in base 6?
-21
2 (base 7) to base 12
2
What is 1aa (base 12) in base 6?
1134
4 (base 13) to base 9
4
Convert -c6 (base 13) to base 11.
-138
11 (base 2) to base 16
3
-102220 (base 3) to base 16
-141
-30 (base 9) to base 5
-102
33 (base 6) to base 13
18
Convert -17 (base 16) to base 5.
-43
What is -d (base 15) in base 16?
-d
Convert 3 (base 16) to base 8.
3
Convert -1 (base 3) to base 13.
-1
Convert 2 (base 7) to base 4.
2
-1 (base 10) to base 16
-1
Convert -3 (base 7) to base 6.
-3
Convert -3 (base 10) to base 7.
-3
Convert 0 (base 13) to base 14.
0
What is db (base 15) in base 6?
542
What is 1022 (base 4) in base 6?
202
What is -172 (base 8) in base 12?
-a2
-4 (base 16) to base 9
-4
-45 (base 8) to base 6
-101
-119 (base 11) to base 16
-8d
Convert 301 (base 5) to base 3.
2211
-121 (base 3) to base 10
-16
What is -1 (base 9) in base 13?
-1
Convert -2 (base 5) to base 6.
-2
What is 2 (base 3) in base 13?
2
What is -52 (base 10) in base 15?
-37
-18 (base 12) to base 7
-26
What is 12 (base 5) in base 10?
7
What is 20 (base 3) in base 13?
6
What is -41 (base 8) in base 6?
-53
-100000000 (base 2) to base 13
-169
-2 (base 16) to base 7
-2
Convert 1223 (base 4) to base 15.
72
What is -103 (base 11) in base 16?
-7c
Convert 0 (base 8) to base 9.
0
-22 (base 5) to base 15
-c
1a (base 13) to base 15
18
Convert -104 (base 8) to base 15.
-48
What is -6 (base 11) in base 2?
-110
What is -11 (base 11) in base 13?
-c
-6 (base 10) to base 2
-110
Convert d (base 15) to base 3.
111
Convert 0 (base 13) to base 2.
0
Convert -462 (base 7) to base 12.
-180
8 (base 13) to base 12
8
-232 (base 4) to base 11
-42
What is 11 (base 4) in base 7?
5
What is -9 (base 16) in base 2?
-1001
What is -7 (base 13) in base 5?
-12
-4 (base 6) to base 10
-4
-111 (base 2) to base 9
-7
Convert 4 (base 13) to base 4.
10
211 (base 6) to base 16
4f
Convert 130 (base 12) to base 9.
220
111 (base 2) to base 15
7
12210 (base 3) to base 15
a6
What is -a (base 14) in base 13?
-a
-15 (base 7) to base 15
-c
1 (base 8) to base 12
1
What is -3 (base 9) in base 13?
-3
Convert -3 (base 6) to base 5.
-3
What is 42 (base 10) in base 4?
222
What is -1 (base 5) in base 13?
-1
4 (base 12) to base 15
4
What is 0 (base 7) in base 10?
0
-76 (base 8) to base 11
-57
Convert 43 (base 8) to base 15.
25
3 (base 11) to base 6
3
-11 (base 2) to base 5
-3
What is -132 (base 5) in base 7?
-60
533 (base 6) to base 7
405
343 (base 5) to base 2
1100010
Convert 1 (base 16) to base 13.
1
What is 11